divided by 2200.
75
What is the remainder when 51878 is divided by 102?
62
Calculate the remainder when 46437 is divided by 3236.
1133
Calculate the remainder when 1031774 is divided by 3393.
302
What is the remainder when 241033 is divided by 5935?
3633
What is the remainder when 32590297 is divided by 456?
433
What is the remainder when 5946761 is divided by 14?
9
Calculate the remainder when 55936306 is divided by 8.
2
What is the remainder when 309372476 is divided by 13?
10
What is the remainder when 30084 is divided by 3242?
906
What is the remainder when 526872 is divided by 105328?
232
Calculate the remainder when 1665347 is divided by 15419.
95
What is the remainder when 10950833 is divided by 1095072?
113
Calculate the remainder when 546373739 is divided by 44.
43
Calculate the remainder when 1507359 is divided by 49.
21
Calculate the remainder when 4843258 is divided by 1499.
1488
Calculate the remainder when 79644 is divided by 6124.
32
What is the remainder when 7471713 is divided by 811?
781
What is the remainder when 136365 is divided by 912?
477
Calculate the remainder when 110732 is divided by 55317.
98
Calculate the remainder when 2929114 is divided by 292911.
4
Calculate the remainder when 18668841 is divided by 933441.
21
What is the remainder when 14104189 is divided by 1028?
29
Calculate the remainder when 753872 is divided by 310.
262
What is the remainder when 816572 is divided by 9720?
92
Calculate the remainder when 425071 is divided by 1346.
1081
Calculate the remainder when 6642983 is divided by 16362.
11
Calculate the remainder when 1193241 is divided by 407.
324
What is the remainder when 2177637 is divided by 23?
20
Calculate the remainder when 22188225 is divided by 307.
107
What is the remainder when 5724644 is divided by 84183?
200
Calculate the remainder when 979967 is divided by 979962.
5
What is the remainder when 1368222 is divided by 572?
570
Calculate the remainder when 5062127 is divided by 723158.
21
Calculate the remainder when 25818772 is divided by 288.
148
Calculate the remainder when 1724624 is divided by 1257.
20
Calculate the remainder when 22321 is divided by 5417.
653
What is the remainder when 1817245 is divided by 69?
61
What is the remainder when 68022857 is divided by 255725?
7
Calculate the remainder when 5144432 is divided by 41.
39
What is the remainder when 381941 is divided by 3156?
65
What is the remainder when 541818 is divided by 344?
18
Calculate the remainder when 332345 is divided by 1120.
825
What is the remainder when 1100872 is divided by 263?
217
Calculate the remainder when 164361862 is divided by 33.
16
What is the remainder when 12913093 is divided by 2985?
2968
Calculate the remainder when 6613233 is divided by 256.
241
Calculate the remainder when 267607 is divided by 300.
7
What is the remainder when 222529 is divided by 222504?
25
Calculate the remainder when 110221 is divided by 1149.
1066
Calculate the remainder when 4711884 is divided by 184.
12
What is the remainder when 961822 is divided by 1468?
282
What is the remainder when 906711 is divided by 113317?
175
What is the remainder when 43604 is divided by 6849?
2510
What is the remainder when 3087376 is divided by 118736?
240
Calculate the remainder when 10960 is divided by 827.
209
What is the remainder when 65719 is divided by 5051?
56
What is the remainder when 449494 is divided by 148?
18
Calculate the remainder when 13340581 is divided by 69.
52
What is the remainder when 677845 is divided by 225931?
52
What is the remainder when 128799 is divided by 5149?
74
Calculate the remainder when 8299780 is divided by 3505.
3445
Calculate the remainder when 25309408 is divided by 1146.
1144
Calculate the remainder when 171139 is divided by 7650.
2839
What is the remainder when 369182 is divided by 19430?
12
What is the remainder when 19790 is divided by 12811?
6979
What is the remainder when 43206513 is divided by 81?
60
Calculate the remainder when 11362221 is divided by 4286.
35
Calculate the remainder when 9091863 is divided by 25.
13
Calculate the remainder when 10026 is divided by 355.
86
Calculate the remainder when 5017733 is divided by 179204.
21
What is the remainder when 2910982 is divided by 40?
22
What is the remainder when 118408408 is divided by 172?
168
Calculate the remainder when 943471 is divided by 19254.
25
What is the remainder when 97546 is divided by 422?
64
What is the remainder when 88416 is divided by 37?
23
Calculate the remainder when 61805 is divided by 3087.
65
What is the remainder when 567121 is divided by 3082?
33
Calculate the remainder when 5450104 is divided by 2052.
2044
Calculate the remainder when 861826 is divided by 686.
210
Calculate the remainder when 930379 is divided by 7689.
10
What is the remainder when 114357 is divided by 97?
91
What is the remainder when 1786796 is divided by 16856?
60
Calculate the remainder when 5530976 is divided by 1352.
1296
What is the remainder when 659068 is divided by 14367?
12553
What is the remainder when 2847313 is divided by 117?
1
What is the remainder when 1390728 is divided by 14?
10
What is the remainder when 1141983 is divided by 570978?
27
What is the remainder when 675297010 is divided by 1898?
1896
What is the remainder when 785082 is divided by 98132?
26
Calculate the remainder when 1668743 is divided by 834359.
25
What is the remainder when 100921 is divided by 4181?
577
Calculate the remainder when 59559 is divided by 17336.
7551
What is the remainder when 2528410 is divided by 28?
10
What is the remainder when 677599 is divided by 4807?
4619
Calculate the remainder when 108832 is divided by 15049.
3489
Calculate the remainder when 678300 is divided by 112835.
1290
Calculate the remainder when 12373356 is divided by 6186663.
30
What is the remainder when 45667 is divided by 773?
60
Calculate the remainder when 147863303 is divided by 2549367.
17
What is the remainder when 2266364 is divided by 61252?
40
What is the remainder when 5728524 is divided by 19?
5
Calculate the remainder when 3372357 is divided by 843084.
21
What is the remainder when 33830496 is divided by 565?
556
Calculate the remainder when 300163 is divided by 13.
6
Calculate the remainder when 260944281 is divided by 4277775.
6
What is the remainder when 89913617 is divided by 71?
69
What is the remainder when 14784990 is divided by 306?
294
What is the remainder when 1621348 is divided by 324116?
768
Calculate the remainder when 180059 is divided by 5290.
199
What is the remainder when 2650162 is divided by 4601?
4587
What is the remainder when 1149116 is divided by 2615?
1131
What is the remainder when 1028271 is divided by 320?
111
Calculate the remainder when 2213898 is divided by 28.
22
What is the remainder when 2747800 is divided by 68?
56
Calculate the remainder when 77334895 is divided by 47620.
15
Calculate the remainder when 382922693 is divided by 1998.
1997
What is the remainder when 1225626 is divided by 158?
20
Calculate the remainder when 4461509 is divided by 6401.
12
What is the remainder when 172118 is divided by 9508?
974
What is the remainder when 16124277 is divided by 345?
12
Calculate the remainder when 358179 is divided by 332.
283
What is the remainder when 12068696 is divided by 523?
471
What is the remainder when 256195 is divided by 256151?
44
Calculate the remainder when 78097 is divided by 47.
30
What is the remainder when 53682 is divided by 28?
6
What is the remainder when 686641 is divided by 24?
1
What is the remainder when 38490 is divided by 19067?
356
What is the remainder when 31870 is divided by 1389?
1312
What is the remainder when 3743147 is divided by 2139?
2036
Calculate the remainder when 2964108 is divided by 2979.
3
What is the remainder when 1913093 is divided by 2066?
2043
What is the remainder when 2000523 is divided by 201?
171
Calculate the remainder when 52924 is divided by 725.
724
Calculate the remainder when 148746045 is divided by 88.
85
What is the remainder when 34260 is divided by 6837?
75
Calculate the remainder when 3937395 is divided by 30.
15
Calculate the remainder when 5501223 is divided by 71.
1
What is the remainder when 999213 is divided by 1291?
1270
What is the remainder when 830846 is d